s(r) = -10*r**2 - 94*r - 66. Calculate s(-8).
46
Let x(h) = -h**2 + 184*h + 6166. Determine x(-29).
-11
Let a(d) = 39*d**3 + d**2 + 3*d - 3. Calculate a(1).
40
Let c(w) = 25*w - 145. Determine c(6).
5
Let p(u) = -5*u**2 + 112*u - 378. Give p(6).
114
Let s(f) = 96*f - 3536. Calculate s(37).
16
Let q(o) = 690*o - 94529. What is q(137)?
1
Let c(y) = -y**2 + 61*y + 1362. Give c(79).
-60
Let j(x) = -158*x - 157. Calculate j(-1).
1
Let v(t) = -26*t**2 + 13*t - 7. Give v(1).
-20
Let o(i) = i**2 - 315*i + 11229. Calculate o(274).
-5
Let j(x) = 1205*x - 292810. Calculate j(243).
5
Let f(z) = -z**3 - 147*z**2 + 1399*z - 769. Calculate f(-156).
11
Let g(r) = -r**2 - 72*r - 237. Give g(-69).
-30
Let b(p) = -6*p**2 - 5313*p - 5314. Determine b(-1).
-7
Let p(u) = u**3 - 20*u**2 + 2*u - 48. Give p(20).
-8
Let v(d) = 74*d**2 - 29*d - 3. What is v(1)?
42
Let w(n) = -n**2 - 209*n - 6764. Determine w(-40).
-4
Let w(b) = b**2 + 895*b - 6335. Calculate w(7).
-21
Let o(s) = 5*s**2 - 18*s - 16. What is o(6)?
56
Let w(o) = -11*o**2 + 466*o - 140. Calculate w(42).
28
Let d(f) = 6*f**2 - 8*f. What is d(6)?
168
Let u(l) = -776*l + 90010. Calculate u(116).
-6
Let u(g) = -g**2 + 2*g - 102. Give u(-15).
-357
Let z(j) = j**2 - 416*j - 4241. Calculate z(-10).
19
Let f(b) = -b**2 - 134*b - 4462. What is f(-60)?
-22
Let u(c) = c**3 + 10*c**2 + 15*c + 2. Give u(-3).
20
Let b(w) = -98*w - 107. Give b(-4).
285
Let o(t) = 4*t**2 + 373*t - 5886. Calculate o(-107).
-1
Let p(z) = z**3 + 5*z**2 + 6*z - 9. What is p(-2)?
-9
Let x(p) = 3*p**2 - 1213*p - 13701. Give x(-11).
5
Let r(p) = 22*p + 823. Give r(-39).
-35
Let v(g) = -28*g**2 - 358*g + 99. Give v(-13).
21
Let z(a) = 81*a - 537. Calculate z(4).
-213
Let n(l) = -11*l**2 + 68*l - 15. Calculate n(9).
-294
Let f(g) = -12*g - 216. Give f(-15).
-36
Let n(d) = d**2 + 589*d - 4774. Give n(8).
2
Let q(w) = -w**2 - 68*w + 2821. Determine q(29).
8
Let m(l) = -4*l**3 - 46*l**2 + l - 11. What is m(-12)?
265
Let b(x) = -41*x**2 + 1968*x - 16. What is b(48)?
-16
Let n(l) = l**2 - 47*l + 453. What is n(18)?
-69
Let x(w) = -6*w + 111. Determine x(-5).
141
Let v(w) = -4*w**2 - 78*w - 321. Determine v(-13).
17
Let a(r) = r**3 + 2*r**2 - 11*r. What is a(4)?
52
Let u(d) = -17*d**2 + 147*d - 64. Calculate u(8).
24
Let j(b) = 221*b - 1821. What is j(8)?
-53
Let l(c) = 230*c - 4822. What is l(21)?
8
Let q(f) = -f**2 + 19*f - 83. Determine q(6).
-5
Let q(b) = -b**2 + 2*b + 154. Determine q(-11).
11
Let n(k) = 9*k**2 - 595*k - 545. Calculate n(67).
-9
Let x(c) = -17*c + 1191. Calculate x(25).
766
Let p(m) = -3*m - 95. Calculate p(0).
-95
Let y(d) = d**2 + 9*d - 38. Calculate y(-10).
-28
Let l(i) = -i**3 - 11*i**2 - 12*i + 2. Determine l(-6).
-106
Let k(a) = 64*a + 1339. Determine k(-21).
-5
Let h(u) = 335*u + 14746. Give h(-44).
6
Let s(i) = -i**3 - 14*i**2 + 72*i + 632. What is s(-16)?
-8
Let c(l) = -l**3 + 28*l**2 + 256*l - 367. Give c(35).
18
Let b(h) = 102*h + 1620. Determine b(-16).
-12
Let l(b) = 4*b**2 - 49*b + 116. What is l(9)?
-1
Let j(i) = -3*i**3 - 124*i**2 + 256*i - 15. Calculate j(2).
-23
Let h(c) = -1211*c - 37548. Give h(-31).
-7
Let b(t) = -t**3 + 2*t**2 + 16*t - 15. Calculate b(6).
-63
Let s(k) = 8*k**3 - 61*k**2 + 7*k - 5. What is s(7)?
-201
Let r(h) = h**2 + 9*h + 13. Determine r(-1).
5
Let d(p) = p**3 - 4*p**2 - 41*p + 172. What is d(6)?
-2
Let v(o) = -o**2 + 10*o - 38. Determine v(5).
-13
Let h(z) = -452*z - 286. Calculate h(-1).
166
Let t(c) = c**3 - 19*c**2 - 19*c + 90. What is t(19)?
-271
Let b(k) = 496*k - 57522. Calculate b(116).
14
Let p(a) = a**2 + 2232*a + 8953. What is p(-4)?
41
Let a(j) = 5*j**3 + 12*j**2 - 10*j - 14. Give a(-3).
-11
Let u(f) = -8*f - 138. Give u(14).
-250
Let v(q) = q**3 + 23*q**2 + 141*q + 110. Calculate v(-12).
2
Let b(m) = -m**3 + 210*m**2 + 215*m - 837. Give b(211).
7
Let b(y) = -12*y + 74. Give b(18).
-142
Let i(k) = -52*k**2 - 3638*k + 126. Give i(-70).
-14
Let r(o) = o**3 + 27*o**2 + 48*o + 572. Determine r(-26).
0
Let l(j) = -72*j + 578. What is l(8)?
2
Let y(j) = -28*j**2 - 182*j + 33. What is y(-7)?
-65
Let f(i) = -151*i - 4375. Determine f(-29).
4
Let q(l) = -159*l - 1432. Give q(-9).
-1
Let n(o) = -o**3 - 31*o**2 - 60*o - 900. What is n(-30)?
0
Let o(c) = -48*c + 22. Determine o(3).
-122
Let t(a) = a**3 - 33*a**2 + 185*a - 6153. Give t(33).
-48
Let g(l) = -2*l**3 - 5*l**2 + 64*l + 5. Determine g(6).
-223
Let x(c) = 49*c + 580. Give x(-13).
-57
Let p(n) = 2*n**2 - 3*n - 303. What is p(-12)?
21
Let s(h) = -98*h + 321. What is s(6)?
-267
Let o(w) = -w**2 + 44*w - 184. What is o(40)?
-24
Let y(n) = n**3 - 22*n**2 + 80*n - 101. Determine y(18).
43
Let w(i) = 12*i**2 - 1370*i + 210. Give w(114).
-18
Let t(n) = 8*n - 14. Calculate t(-1).
-22
Let a(y) = 8*y**3 + 2*y**2 - 37*y + 68. Determine a(2).
66
Let q(m) = m**3 + 51*m**2 - 235*m + 79. Give q(-55).
904
Let l(z) = z**2 + 103*z - 9768. Calculate l(-163).
12
Let q(w) = w**3 - 15*w**2 + 123*w - 1031. Calculate q(12).
13
Let q(k) = -28*k**2 - 5*k + 31. Determine q(3).
-236
Let b(a) = -2*a**3 - 40*a**2 + 240*a - 252. Give b(-25).
-2
Let t(k) = -100*k + 1020. Determine t(10).
20
Let w(z) = 2*z**3 + 4*z**2 - 2705*z - 8101. Calculate w(-3).
-4
Let m(b) = -182*b + 913. What is m(7)?
-361
Let a(k) = -5*k**2 + 11*k + 25. What is a(4)?
-11
Let g(h) = -h**3 - 129*h**2 + 114*h - 2032. What is g(-130)?
48
Let p(b) = b**2 + 5*b - 156. Calculate p(-16).
20
Let t(b) = -142*b + 27. What is t(2)?
-257
Let g(o) = o**3 - 29*o**2 + 22*o + 189. What is g(28)?
21
Let p(f) = -4*f**2 + 2*f + 6. What is p(5)?
-84
Let s(d) = -592*d + 15398. Determine s(26).
6
Let p(z) = 13*z**2 - 55*z + 396. Give p(7).
648
Let m(u) = -u**3 + 12*u**2 - 18*u - 12. Determine m(3).
15
Let q(p) = 8868*p - 53218. What is q(6)?
-10
Let d(j) = -j**3 + 70*j**2 + 222*j - 223. Give d(73).
-4
Let p(f) = -f**2 - 41*f + 4. What is p(-46)?
-226
Let c(o) = -343*o + 331. Determine c(1).
-12
Let q(p) = p**3 + 12*p**2 + 21*p + 16. Calculate q(-10).
6
Let q(t) = -2*t**3 - 32*t**2 - 55*t - 883. Calculate q(-16).
-3
Let l(a) = 12*a - 167. Calculate l(15).
13
Let y(w) = 37*w - 156. What is y(4)?
-8
Let y(z) = 6*z**2 - 62*z - 128. Calculate y(-2).
20
Let b(g) = 43771*g - 87544. Give b(2).
-2
Let s(p) = -p**3 - 68*p**2 - 191*p - 3896. Give s(-66).
-2
Let n(a) = -7*a**3 + 244*a**2 - 202*a - 93. Calculate n(34).
-25
Let v(p) = 19*p**2 + 11*p - 9. Determine v(-1).
-1
Let c(r) = 19*r + 93. What is c(0)?
93
Let h(s) = -s**3 + 304*s**2 + 21*s - 6385. Calculate h(304).
-1
Let a(n) = -45*n - 14804. Give a(-329).
1
Let p(l) = 68*l + 1756. Calculate p(-26).
-12
Let q(b) = 6*b**2 + 2*b - 10. Calculate q(4).
94
Let l(w) = 2*w**2 - 1643*w - 3292. Calculate l(-2).
2
Let o(i) = -8*i**2 + 64*i - 7. Determine o(9).
-79
Let b(g) = g**2 + 53*g + 461. Calculate b(-11).
-1
Let t(o) = 86*o - 1759. What is t(21)?
47
Let m(y) = -395*y - 3408. What is m(-8)?
-248
Let v(w) = w**3 + 17*w**2 + 17*w + 354. What is v(-15)?
549
Let f(s) = 2*s**3 + 120*s**2 + 136*s + 1055. What is f(-59)?
-7
Let k(y) = -503*y + 2437. Calculate k(5).
-78
Let a(b) = -47*b - 160. Determine a(-6).
122
Let y(k) = -6*k + 97. Determine y(9).
43
Let y(j) = 9*j**2 + 15*j + 216. Determine y(-8).
672
Let t(q) = -357*q**2 + 4*q - 2. What is t(-1)?
-363
Let y(g) = 9*g**2 - 624*g + 9588. What is y(23)?
-3
Let d(c) = c**3 + 32*c**2 + 27*c - 128. Give d(-31).
-4
Let z(m) = m**3 + 8*m**2 - 115*m - 865. What is z(-7)?
-11
Let l(i) = -i**3 - 7*i**2 - 8*i - 5. Determine l(-7).
51
Let k(j) = -40*j - 115. Calculate k(-11).
325
Let t(y) = -135*y + 1803. Determine t(13).
48
Let s(l) = -12*l**2 - 249*l + 70. What is s(-21)?
7
Let b(r) = 4*r - 57. Determine b(12).
-9
Let l(o) = 2*o**2 - 1584*o + 6308. Give l(4).
4
Let f(w) = -20*w + 2117. Calculate f(105).
17
Let r(u) = -u**2 - 22*u + 162. Give r(-29).
-41
Let g(w) = -w**3 + w**2 + 103*w - 37. Give g(-10).
33
Let v(p) = -54*p**3 + p**2 - 237*p - 238. Give v(-1).
54
Let o(h) = 4*h**3 - 7*h**2 - 5*h + 18. Determine o(-2).
-32
Let b(h) = h**2 - 29*h - 13. Calculate b(29).
-13
Let v(n) = 17*n - 105. Calculate v(8).
31
Let d(v) = 359*v + 23699. Calculate d(-66).
5
Let u(p) = -6*p**3 - 3*p**2 + 33*p + 15. Calculate u(-2).
-15
Let u(j) = 5*j**2 + 215*j - 1391. Calculate u(6).
79
Let s(y) = 3*y**2 - 222*y + 4109. What is s(36)?
5
Let k(t) = -20*